n = f - 139. Let s = 161 + -80. What is the highest common factor of n and s?
27
Let m(k) = 6*k**2 - 12*k + 11. Let g be m(8). Let h = -130 + g. Suppose 71 + h = 5*n. Calculate the highest common divisor of n and 16.
16
Suppose 3*o = o + 30. Let h(k) = 6*k**2 + k - 1. Let u be h(1). What is the highest common factor of o and u?
3
Let d(x) = -x**3 + 6*x**2 - 3. Let v be d(6). Let n be (3/v + 2)*-1. Let j be n + -1*5*-2. Calculate the highest common divisor of j and 99.
9
Let z be (-4)/10 - 7857/45. Let x be z/(-3) + 9/(-27). Calculate the greatest common factor of 145 and x.
29
Suppose 10 = 4*t - 6*t, -2*c + 139 = 3*t. Calculate the highest common divisor of c and 55.
11
Let i(y) = -2*y + 4. Let x be i(-6). Calculate the greatest common factor of x and 96.
16
Let b(c) = c - 4. Let z be b(4). Suppose z = 4*n - 314 - 126. What is the greatest common divisor of n and 44?
22
Let k = -4 + -2. Let l be 24*3/(k/(-11)). Calculate the greatest common factor of 12 and l.
12
Let h = 2 + 0. Suppose -2*n - h*n = 0. Suppose -5*r + n*r + 75 = 0. What is the greatest common divisor of r and 3?
3
Let o be 2/(-6)*(-3 + -3). Suppose -o*x + d = -105, -2*x + 2*d = -3*d - 93. What is the highest common divisor of x and 36?
18
Let o(t) = 15*t**2 + 4*t + 4. Let g be o(-2). Calculate the highest common factor of g and 14.
14
Let p be ((-72)/(-28))/(2*3/42). Calculate the greatest common factor of 126 and p.
18
Let a(i) = -i**2 - 5*i + 6. Let g be a(-6). Suppose g = 7*c - 2*c - 150. Calculate the highest common divisor of 10 and c.
10
Let x be (-18)/(-14) - 6/21. Let q(k) = 307*k**2 + 1. Let g be q(x). Let n be (2 - -2)/((6 - 2)/28). What is the highest common divisor of n and g?
28
Suppose -4*b = -2*a + 40, 5*b = -a + 2*a - 20. Suppose 4*r - 235 = n, -3*n - 215 = -4*r + 2*n. Calculate the highest common factor of r and a.
20
Let j(y) = 3*y - 10. Let k be j(6). What is the greatest common factor of 1 and k?
1
Suppose 7*i = 3*i - 100. Let r = i - -40. Calculate the greatest common factor of 45 and r.
15
Let m = -75 + 87. Calculate the highest common factor of m and 1.
1
Suppose -4*r - 2*g + 320 = 0, r = 5*r - 2*g - 320. Suppose -2*p + 7*p - r = 0. What is the greatest common factor of 8 and p?
8
Suppose l = 5, 26 = 3*b - 2*l + 6*l. Suppose -2*u - 5*h + 23 = 0, -h + 25 = 3*u - 16. Calculate the greatest common divisor of b and u.
2
Let f = -1 + 9. Calculate the greatest common factor of f and 32.
8
Suppose -3*k = -k - 286. Calculate the greatest common divisor of 13 and k.
13
Let c be 1/3 + 2/(-6). Suppose c*x = 3*x - 66. What is the greatest common divisor of 55 and x?
11
Let f = 76 + -40. Let q be 22 - (4 - -6)/(-5). What is the greatest common factor of q and f?
12
Let l = 38 + -24. Calculate the greatest common divisor of 98 and l.
14
Suppose y - 18 = -0*y. What is the highest common divisor of y and 162?
18
Let u be (-5)/((-40)/138) + (-6)/(-8). Let l(o) = o - 3. Let w be l(9). Calculate the highest common divisor of w and u.
6
Let r be 4/(-6) + (-6)/18. Let i(p) = -220*p. Let l be i(r). Suppose -6*n + l = -n. Calculate the highest common divisor of n and 11.
11
Suppose 2*b = -2*b + 288. What is the greatest common factor of 8 and b?
8
Let k be (-2)/(-5)*(7 + 28). What is the highest common factor of 14 and k?
14
Suppose 0*j = -2*j + 86. Let s = j - 11. Let m(v) = v**2 + 7*v + 8. Let q be m(-7). Calculate the greatest common factor of q and s.
8
Let q be (-10)/4*176/(-20). Calculate the greatest common divisor of 22 and q.
22
Let c(b) = 7*b**2 - 8*b + 8. Let p be c(4). Calculate the greatest common factor of p and 8.
8
Let d be -1*(-11)/((-44)/(-48)). Calculate the greatest common divisor of 96 and d.
12
Let a = 28 + -24. Suppose -5*r + 319 = -a*o, 0*r = -r - 2*o + 61. Calculate the highest common divisor of 7 and r.
7
Suppose 5*w = 54 - 4. Suppose -w = -3*g + 2. Suppose f = 3*f - g. Calculate the highest common divisor of 10 and f.
2
Let p = 12 - 9. Suppose 4*d - 116 = -2*s - 10, -2*s = -p*d + 76. Calculate the greatest common divisor of d and 13.
13
Let x be -29*1/(-2)*2. What is the greatest common factor of 87 and x?
29
Suppose -5*o - 10 = -4*w, -2*o + 4*w = -0*o - 8. Let s = 6 - o. Let v(b) = b**3 + 18*b**2 + 6. Let f be v(-18). Calculate the highest common divisor of s and f.
6
Let f = 5 + -3. What is the highest common divisor of f and 1?
1
Let s be (2 - -25)/3 + -1. What is the highest common divisor of 32 and s?
8
Let p(f) = 2*f - 6. Let i be p(6). Let v be (-10)/((i*-1)/3). What is the highest common divisor of 40 and v?
5
Suppose 2*g = y + 3, 2*g - y - 2*y = 1. Calculate the highest common divisor of g and 1.
1
Suppose 0 = -6*b + 3*b - 9. Let h be ((-2)/3)/(2/b). Calculate the highest common divisor of h and 5.
1
Suppose 9*m = 6*m + 18. Suppose 1 = -4*v + 13. Calculate the greatest common divisor of m and v.
3
Let b(x) = x**3 - 5*x**2 - 6*x + 4. Let f be b(7). Let d = -25 + f. What is the highest common factor of d and 5?
5
Suppose 3*v = -0*v - 4*w + 12, -v + 4*w = 12. Let z(p) = 3*p. Let g be z(1). Suppose 0*o - g*o + 30 = v. What is the highest common divisor of o and 15?
5
Let v(b) = 59*b**2 + 4*b - 3. Suppose -3*i - 2 = -5. Let k be v(i). Calculate the highest common divisor of k and 15.
15
Let y be 561/(-12) + 1/(-4). Let c = 55 + 13. Let f = c + y. What is the greatest common divisor of f and 7?
7
Suppose 0 = 7*c - 4*c - 45. Calculate the greatest common divisor of 165 and c.
15
Let x = -8 - -15. Suppose 3*y + g - 75 - 96 = 0, -4*y + 209 = -5*g. Calculate the greatest common factor of y and x.
7
Let c be (-111)/3*-2 + 3. Calculate the highest common divisor of 11 and c.
11
Let u be ((-2)/(-3))/(8/36). Suppose 0*f - 2*y + 96 = u*f, 5*f - 2*y - 144 = 0. What is the highest common factor of 20 and f?
10
Suppose 26 = -4*b - 2*s + 6, 11 = -b + s. Let y be 1/b - (-635)/35. Let v be 2 + 4*(1 + 0). Calculate the greatest common divisor of y and v.
6
Suppose 4*m - 64 = -4*l, 8 = -2*m - 0*m. Calculate the greatest common divisor of 2 and l.
2
Let s(m) = -m**3 + 2*m**2 + 3*m + 1. Let g be s(3). Calculate the highest common divisor of 1 and g.
1
Let s be (-5 - 4)/((-1)/2). What is the highest common factor of s and 90?
18
Suppose -4*w = -3*u - 30, -w - w + 3*u + 18 = 0. What is the greatest common divisor of w and 6?
6
Let q(x) = -3*x. Let t be q(-1). Suppose o + 32 = t*o. What is the highest common factor of o and 8?
8
Suppose 0 = -3*i - i + 40. Suppose s + 0*s - 46 = 0. Suppose 44 = j - s. What is the greatest common divisor of j and i?
10
Let u = 5 - 5. Suppose 3*w = 4*y + 6, u = w - 6*w + 10. Let c be -1 - y - (-1 + -17). Calculate the greatest common divisor of c and 136.
17
Suppose 0 = -4*r + 8 - 20. Let v(o) = -6*o + 3. Let f be v(r). Calculate the highest common factor of 189 and f.
21
Let k be (-14255)/25 - 2/(-10). Let f be 8*((-14)/4)/7. Let o be (f/10)/(3/k). What is the greatest common divisor of 19 and o?
19
Let m(r) = -2 + 2 - 2*r - 5. Let x be m(-9). Calculate the highest common factor of x and 65.
13
Let z be 0 - -5 - (-2 - -4). Suppose 0*v + r - 702 = -v, 5*v - 3542 = z*r. Suppose -v + 66 = -4*l. Calculate the greatest common divisor of l and 20.
20
Let u be 5/(2*5/20). Suppose -4*m - m + 10 = 0. Calculate the greatest common factor of u and m.
2
Let x be (-2)/3*(-2 - -35). Let b be (-272)/(-44) - (-4)/x. What is the highest common factor of b and 12?
6
Let n = -18 + 44. Calculate the highest common factor of 13 and n.
13
Let f be (-3)/9 + 64/12. Suppose -f*s + 73 = -87. Suppose -4*g = -34 + 2. Calculate the highest common factor of g and s.
8
Let c = -65 + 130. Calculate the greatest common divisor of c and 39.
13
Let n = -198 - -333. Let o = 10 - -17. What is the greatest common divisor of n and o?
27
Suppose -2*f + 540 = 3*l + 144, 2*l - 5*f - 264 = 0. Calculate the highest common factor of l and 12.
12
Suppose -23 + 1 = -5*u - 2*c, -2*u - 2*c + 10 = 0. Let h be (-40)/(-16)*8/10. What is the greatest common factor of u and h?
2
Suppose 3*o + 10 = 16. Suppose 149 = 3*d - j, 53 = -3*d + 4*d + 3*j. Let x = d + -28. Calculate the highest common divisor of o and x.
2
Let o = 4 + -3. Let u be (0 + (-3)/(-3))*-9. Let l be 12*(-1)/(12/u). Calculate the greatest common divisor of o and l.
1
Let v = -8 + 12. Suppose r = 6*k - 3*k - 9, 3*r = v*k -